 be u(w). Calculate the greatest common divisor of v and 38.
19
Suppose 0 = 10*w - 12*w + 300. Suppose 3*v - 12 = -v. Suppose -2*j + 248 = 2*j + 2*s, 2*j - v*s - 108 = 0. What is the greatest common factor of j and w?
30
Let h be ((-129)/4)/(-1)*12. Suppose -114 = -3*y - 74*p + 71*p, 5*y + 2*p - 205 = 0. What is the greatest common divisor of y and h?
43
Suppose -l - 10 = -p, 3*p - 7*p - l = -15. Let t be (44/(-10))/(2/p*-1). What is the greatest common factor of 99 and t?
11
Suppose -30*c + 42*c - 2616 = 0. Let y = 239 - c. Calculate the highest common factor of 27 and y.
3
Suppose 2*r = 20*m - 16*m + 246, -5*m - 108 = -r. What is the greatest common divisor of 56 and r?
7
Suppose -3*q + 3 = -9. Let r(p) = 8*p - 88. Let w be r(11). Suppose -q*x - x + 3 = h, w = 4*x + 16. What is the greatest common divisor of h and 161?
23
Let q = 79 + -51. Let j = q - 24. Suppose 7*t = j*t + 270. Calculate the highest common factor of 135 and t.
45
Let h = -9992 - -9896. Suppose -4*b = 101 + 323. Let c = h - b. What is the highest common divisor of c and 190?
10
Let b be (-24)/(-1224)*17 - 54278/(-3). Calculate the highest common divisor of b and 37.
37
Let y = -47 + 53. Let r(l) = l**2 - 7*l + 15. Let s be r(y). Let p be 3/6 + 70/4. What is the greatest common factor of p and s?
9
Suppose -5*h = 2*a - 11458, -5*a + 684 = -3*h + 7596. What is the highest common divisor of 124 and h?
62
Suppose t + a - 8 = -a, 2*a = 6. Let u be (25/t)/(2/4). Let i = -692 + 702. Calculate the greatest common divisor of u and i.
5
Let u be 5 + -11 + (8 - 2). Suppose 47 = 2*v + 4*w - 59, u = 5*v + 4*w - 253. Calculate the greatest common factor of v and 28.
7
Let p be (-3)/(-21)*-2 + (-10530)/(-105). Let q be (4 + -7)/(-3)*(7 - 3). Calculate the greatest common divisor of p and q.
4
Let l(b) = -b**3 + 23*b**2 - 4*b + 724. Let c be l(22). Calculate the highest common divisor of c and 220.
20
Let n(q) = -q**2 - 34*q + 202. Let o be n(5). Calculate the greatest common divisor of 16 and o.
1
Suppose -41*a + 49*a + 2256 = 0. Let x = a + 312. What is the highest common divisor of 30 and x?
30
Let s = -297 + 427. Suppose t - 26 + 13 = -2*l, 2*l - 3*t = 41. What is the highest common divisor of l and s?
10
Let f be ((-5)/18 - (-2)/(-9))*-58. Suppose -8*l + f = -19. Let k be 1 + 51 - l - (1 - 0). Calculate the highest common factor of k and 90.
45
Let o be 482/3 - (-4)/6*-1. Suppose -54*x = -56*x + o. What is the greatest common factor of x and 10?
10
Suppose -10*w + 1716 = 2*w. Let p be (-54)/8*(-784)/42. Let z be (-3)/(3 + p/(-39)). What is the highest common factor of z and w?
13
Let d(f) = f**3 + 10*f**2 - 10*f + 13. Let l be d(-11). Suppose -l*g + 21 = 17. What is the highest common factor of 7 and g?
1
Let b = 620 + -594. Calculate the highest common factor of 5317 and b.
13
Suppose -27 = -s - 4*n, 0*n + 6 = -2*n. Let x = -21 + s. Suppose -11*b - 42 = -x*b. Calculate the highest common factor of 72 and b.
6
Let b be (3 + -31)*(-2)/8 + 4. Let o = -841 + 2238. What is the highest common divisor of o and b?
11
Suppose 11*r - 13*r = -5*m + 37125, -2*m = 2*r - 14836. Calculate the greatest common divisor of 13 and m.
13
Suppose -4749*d + 9411 = -4836. Let j be (-2)/(-3) + 115/3. What is the greatest common divisor of d and j?
3
Let p = -3592 + 5309. Calculate the greatest common divisor of p and 404.
101
Let d = 12405 + -12375. What is the greatest common divisor of 6550 and d?
10
Let u(c) = 5*c - 1. Let f be u(2). Let s = -539 - -368. Let t = -99 - s. Calculate the highest common factor of f and t.
9
Let a = -17568 + 17624. Calculate the highest common divisor of 189 and a.
7
Suppose 4*w - 808 = 5*s, -5*w - 5*s = -1448 + 438. What is the highest common divisor of w and 21614?
202
Suppose -1693 = -10*k - 15*k + 7232. What is the greatest common factor of 105 and k?
21
Let x = 54 - 93. Let d be x/(-2)*16/6. Let h = 56 - d. Calculate the highest common divisor of 2 and h.
2
Suppose 5*b + l = 13204, 3*b + 49*l - 7928 = 54*l. Calculate the greatest common divisor of b and 139.
139
Let g = -55 + 55. Let z(c) = -9*c - 1 + g*c + 3. Let q be z(-2). What is the greatest common factor of q and 40?
20
Let x = 2266 - 719. Suppose x*y = 1550*y - 126. Let c be (-2)/((-8)/(-6))*-4. What is the greatest common factor of y and c?
6
Let y be 124/6 - 2/3. Suppose 0*w + 3*w = 3, -1376 = 4*r - 4*w. Let m = r + 363. Calculate the highest common divisor of m and y.
20
Let h be (-118)/3 - (-6)/(-9). Let n = -15 - h. Let x(l) = 8*l**2 - 6*l + 23. Let i be x(6). Calculate the highest common factor of i and n.
25
Let r = 469108 - 468939. Let l = 13 - -65. What is the highest common divisor of l and r?
13
Let h be (-26)/52 - 546/(-4). What is the highest common factor of h and 3944?
136
Let m be 13/26 + (-39)/(-5)*(-30)/(-12). What is the highest common divisor of m and 29420?
20
Let r = 10850 + -10718. What is the highest common factor of r and 1617?
33
Suppose 2*f + 177 = 4*b - 193, -2*f = -3*b + 369. Let t = 200 + f. Calculate the highest common factor of 17 and t.
17
Let d be (-23 + 4 + 4)*(-32)/6. Suppose 3*y - 231 = -3*m, 2*y - y = 2*m + d. Calculate the greatest common factor of y and 507.
39
Suppose 66*j = 68*j - k - 145, -2*j + 159 = k. Calculate the greatest common divisor of 6194 and j.
38
Let f(k) = 38*k - 386. Let i(u) = 38*u - 396. Let h(n) = -2*f(n) + 3*i(n). Let c be h(15). Calculate the greatest common factor of 14 and c.
14
Suppose -4*k + 12 - 2 = -5*r, r + 2 = -3*k. Let b(t) = -t**3 - 4*t**2 - 2*t + 36. Let v be b(k). Calculate the greatest common divisor of v and 8.
4
Let i be -3*(11/(-22))/((-6)/(-52)). Suppose i*d = 16*d - 9. What is the highest common factor of d and 12?
3
Let y be 12/132*517 - -4. What is the highest common factor of 1921 and y?
17
Let a = 763 - 1409. Let y = -546 - a. Let b = 90 + -50. Calculate the highest common divisor of y and b.
20
Let d be 140/18 + 64/126 + (-4)/14. Calculate the highest common divisor of d and 712.
8
Suppose 3*a - 18 = 0, 2*t + 17*a - 122 = 13*a. What is the greatest common divisor of 140 and t?
7
Let k = -68 + 201. Suppose 5*j + 73 = k. Suppose -w + 5*t = t - 22, -4 = -2*t. What is the greatest common factor of j and w?
6
Let g = -4401 + 4731. Calculate the highest common factor of 1122 and g.
66
Suppose 177*v - 35*v - 805147 = -268387. What is the greatest common factor of 40 and v?
20
Suppose 4*r = -5*m - 2156, 3*r + 5*m = -1907 + 285. Let c = 544 + r. Let s(a) = a**2 + 7*a + 10. Let u be s(-7). What is the greatest common divisor of u and c?
10
Let v be (-5032)/(-20) - 114/(-285). Suppose 3*m - 5*m + 154 = 0. Suppose 4*n - m = 91. Calculate the highest common factor of v and n.
42
Let l(j) = 2*j - 24. Let f be l(9). Let o be 8/6*(-459)/f. Suppose -53 = -q + o. Calculate the highest common divisor of q and 31.
31
Let w(f) = f**3 + 75*f**2 - 238*f - 237. Let l be w(-78). What is the highest common divisor of l and 495?
15
Suppose 0 = -30*a - 66*a + 8640. Let c be ((-2)/4)/((-2)/8). Calculate the highest common factor of a and c.
2
Suppose -z - z = 3*i + 275, 2*i = 3*z + 406. Let b(m) = 19*m - 10. Let u be b(8). Let p = u + z. Calculate the greatest common divisor of 42 and p.
6
Suppose -4*u = -68 - 12. Suppose 12*f = 4*f - 32. Let t be (-1856)/(-12) - -4 - f/3. What is the greatest common divisor of u and t?
20
Suppose 2*a + 4*z - 4 = 0, 5*a - z + 5 - 4 = 0. Suppose 5*x - 9*x + 80 = a. What is the highest common factor of x and 32?
4
Suppose -5*x + 3*f = -47, -3*x + 315*f + 13 = 317*f. Let t = -280 + 728. What is the greatest common divisor of x and t?
7
Let x = 52 - -36. Suppose 5*m + 197 = -4*g, -5*m = -6*m - 1. Let w = 59 + g. Calculate the highest common factor of w and x.
11
Let w be (((-343)/(-98))/(1/1102))/((-6)/(-12)). Calculate the highest common divisor of w and 798.
266
Let w be (-90120)/(-28) - (7 - 572/77). What is the greatest common factor of w and 609?
87
Suppose -72*u + 6083 = 7*u. What is the highest common divisor of u and 231?
77
Let w(j) = 54*j - 352. Let o be w(16). Calculate the highest common factor of 104 and o.
8
Suppose -5*i + 2*t = 0, 12 = 4*i - 0*t - 4*t. Suppose -204 = 8*n - 2*n. Let p = i - n. Calculate the greatest common factor of 8 and p.
8
Let w = 10024 - 9997. Calculate the greatest common divisor of w and